base 12, what is -293 + 6?
-289
In base 7, what is 0 + 143?
143
In base 11, what is -4 - -43?
3a
In base 6, what is 0 - 100?
-100
In base 2, what is -101001100101 + 10?
-101001100011
In base 12, what is -b - -30?
21
In base 16, what is -4 - 69?
-6d
In base 10, what is -852 + 1?
-851
In base 15, what is -44 + 23?
-21
In base 13, what is -18 + -1?
-19
In base 3, what is -11 + 200201?
200120
In base 9, what is -17 + -2?
-20
In base 16, what is 2c6 - 7?
2bf
In base 10, what is 1674 - 5?
1669
In base 7, what is -32 + 10?
-22
In base 12, what is 13 - -b5?
108
In base 16, what is -93 + -1?
-94
In base 9, what is 240 + -1?
238
In base 6, what is -12 - -4?
-4
In base 11, what is 331 + -3?
329
In base 13, what is -324 - 5?
-329
In base 12, what is 242 + 14?
256
In base 14, what is -93 + 4?
-8d
In base 15, what is 529 - 3?
526
In base 6, what is -4345 - 4?
-4353
In base 2, what is 1011000011 - -1?
1011000100
In base 5, what is 101 - -11?
112
In base 13, what is -4 + 4?
0
In base 15, what is -10 - 8?
-18
In base 8, what is 323 - 3?
320
In base 16, what is -128 + -2?
-12a
In base 16, what is -86 + -82?
-108
In base 8, what is 622 - 20?
602
In base 16, what is -2 - -1b0?
1ae
In base 2, what is 1 + 1000110001?
1000110010
In base 14, what is -256 - 4?
-25a
In base 2, what is 1011011 + -101?
1010110
In base 6, what is 1 + 3300?
3301
In base 15, what is 0 - -38?
38
In base 9, what is -271 + 26?
-244
In base 5, what is -3 + 40111?
40103
In base 11, what is -2 + 195?
193
In base 2, what is 11 - 111000100000?
-111000011101
In base 10, what is 5 + -1089?
-1084
In base 11, what is -4 - 7a1?
-7a5
In base 7, what is 2046 + 13?
2062
In base 15, what is -313 - 1e?
-332
In base 12, what is -5 - 1375?
-137a
In base 14, what is -3 - 88?
-8b
In base 4, what is 102 + 1320?
2022
In base 4, what is 33110 - 3?
33101
In base 2, what is -1000000 - 10100?
-1010100
In base 16, what is 1373 + -3?
1370
In base 16, what is 4 - -191?
195
In base 10, what is 3 + -501?
-498
In base 12, what is -243 - -30?
-213
In base 13, what is -b9 + 14?
-a5
In base 14, what is -5 - -7c2?
7bb
In base 5, what is 1401 + -3?
1343
In base 13, what is -3 + a4?
a1
In base 11, what is 142 + -7?
136
In base 7, what is -45 + 300?
222
In base 15, what is 17 - 4?
13
In base 4, what is 1 + 23?
30
In base 11, what is 21 + 7?
28
In base 15, what is 33 + -4?
2e
In base 5, what is 12 - -34?
101
In base 12, what is 8 + 17?
23
In base 7, what is 1130 + 3?
1133
In base 10, what is 4 - 46?
-42
In base 11, what is -76 + 277?
201
In base 8, what is 22 - -345?
367
In base 11, what is 7 - 113?
-107
In base 10, what is 1 - 354?
-353
In base 11, what is 0 + 173?
173
In base 5, what is -4 - 0?
-4
In base 15, what is 57 + 1?
58
In base 8, what is 34 - -20?
54
In base 6, what is -1 - 141?
-142
In base 12, what is -9b - -1?
-9a
In base 7, what is 11155 + 2?
11160
In base 14, what is 25 - 3?
22
In base 13, what is 82 + 4?
86
In base 3, what is -2121 + 11?
-2110
In base 14, what is -63 + 2?
-61
In base 14, what is -3 - 72d?
-732
In base 10, what is 2 - 558?
-556
In base 6, what is 410 + -2?
404
In base 13, what is 14 - 12?
2
In base 13, what is 5 - -16?
1b
In base 10, what is -639 - 11?
-650
In base 11, what is 16010 + -3?
16008
In base 4, what is -11 - -13222?
13211
In base 7, what is 4021 + 3?
4024
In base 11, what is 349 + 4?
352
In base 4, what is -30332 - 0?
-30332
In base 13, what is 2 + 2?
4
In base 13, what is -10 - -8?
-5
In base 9, what is 166 - 2?
164
In base 6, what is 5 + 102?
111
In base 6, what is -2 - 4400?
-4402
In base 9, what is 11020 - 4?
11015
In base 12, what is 3 + -43?
-40
In base 11, what is 4 + 155?
159
In base 4, what is 10 - -11?
21
In base 2, what is 100 + -1000?
-100
In base 5, what is -12 + 113?
101
In base 5, what is -10103 + -44?
-10202
In base 2, what is -10 + 11?
1
In base 9, what is 141 + 7?
148
In base 13, what is -12a + -8?
-135
In base 15, what is 18 + 2?
1a
In base 15, what is b0 - -2?
b2
In base 16, what is -7 - ef?
-f6
In base 4, what is 222 - 0?
222
In base 10, what is -1024 + -5?
-1029
In base 5, what is 10 - -233?
243
In base 6, what is -523 - -1?
-522
In base 11, what is -38 + 181?
144
In base 10, what is 22 - -136?
158
In base 16, what is -3b0 + -5?
-3b5
In base 2, what is -101101001 + 10111?
-101010010
In base 15, what is -41 - 2?
-43
In base 12, what is -970 - -3?
-969
In base 14, what is -db7 + 4?
-db3
In base 2, what is -111 - 1101111?
-1110110
In base 5, what is 1 + 1101?
1102
In base 3, what is -10211 + 2101?
-1110
In base 3, what is 20202 + -1121?
12011
In base 7, what is 2 - -146?
151
In base 15, what is -e9 - 2?
-eb
In base 15, what is -741 - 4?
-745
In base 2, what is 111110001 - 111?
111101010
In base 12, what is -93 + -5?
-98
In base 10, what is -4 + -350?
-354
In base 16, what is 276 + -1?
275
In base 9, what is -5 + -7362?
-7367
In base 13, what is -4 + -9b?
-a2
In base 9, what is 14 - 7?
6
In base 6, what is -444 + -50?
-534
In base 5, what is -4 + -13414?
-13423
In base 12, what is 13 + -3ab?
-398
In base 6, what is -4 + 553?
545
In base 9, what is 3 - -633?
636
In base 13, what is -2 + -40?
-42
In base 7, what is -1401 + -4?
-1405
In base 9, what is 26 - 52?
-25
In base 6, what is 1345 - -2?
1351
In base 4, what is -212 + 11031?
10213
In base 7, what is 5 + -3?
2
In base 4, what is 311 - -10?
321
In base 3, what is 1 + -1021112?
-1021111
In base 9, what is 102 - 0?
102
In base 6, what is 15 - 23?
-4
In base 2, what is 111 + 11101101?
11110100
In base 12, what is -2 - -7?
5
In base 2, what is 1 + -1001?
-1000
In base 12, what is -1280 - 4?
-1284
In base 16, what is -1b3 - 6?
-1b9
In base 6, what is 115 + 1143?
1302
In base 4, what is -1 + 213?
212
In base 12, what is 0 - 1412?
-1412
In base 13, what is 1 + -c?
-b
In base 5, what is 4 + -21?
-12
In base 2, what is -1010001101 - -10?
-1010001011
In base 8, what is -262 + -63?
-345
In base 16, what is 222 - -15?
237
In base 2, what is 10 + 111111011?
111111101
In base 3, what is -12 - 1021?
-1110
In base 15, what is 2 + -37?
-35
In base 9, what is 8 + 178?
187
In base 4, what is 11 - -11?
22
In base 10, what is 4163 - -3?
4166
In base 16, what is -b - 7a?
-85
In base 14, what is 1 + d?
10
In base 5, what is 224243 + 4?
224302
In base 10, what is -30 - -3?
-27
In base 3, what is 0 - -22?
22
In base 12, what is 12b + 5?
134
In base 13, what is 5 + 5b?
63
In base 16, what is 41f - 3?
41c
In base 4, what is 100 - -31?
131
In base 15, what is -b15 + 1?
-b14
In base 14, what is -4d07 - -2?
-4d05
In base 5, what is -4 + 13143?
13134
In base 4, what is 11 - -132?
203
In base 15, what is 1a5 - -5?
1aa
In base 10, what is 36 + 33?
69
In base 2, what is 10010001010 + -100?
10010000110
In base 7, what is 5 - -15?
23
In base 9, what is 2 - -51?
53
In base 13, what is -100 - -6?
-c7
In base 6, what is -414 + -3?
-421
In base 6, what is -115 + 32?
-43
In base 14, what is -30cc + 3?
-30c9
In base 11, what is -120 + -5?
-125
In base 7, what is 465 + 3?
501
In base 2, what is -100010111101 - 0?
-100010111101
In base 14, what is 2 + -96?
-94
In base 3, what is 1001200 + 2?
1001202
In base 11, what is -913 - -1?
-912
In base 3, what is 11 + 111012?
111100
In base 10, what is 46 - 145?
-99
In base 11, what is -119 + 5?
-114
In base 5, what is 13 - -1304?
1322
In base 9, what is 2 + 108?
111
In base 3, what is -221110 - 10?
-221120
In base 8, what is 6 + 2?
10
In base 15, what is -7 + -8?
-10
In base 2, what is 10 + -10100?
-10010
In base 13, what is -5b - -9?
-52
In base 10, what is 2021 - -2?
2023
In base 12, what is 4b8 - 1?
4b7
In base 7, what is -12 + -15?
-30
In base 4, what is 21031 + 2?
21033
In base 3, what is 0 + 102121012?
102121012
In base 15, what is -2 + 490?
48d
In base 8, what is -6 + 11166?
11160
In base 11, what is 23222 - 0?
23222
In base 5, what is 4 - -113241?
113300
In base 4, what is 10 - 10?
0
In base 13, what is -b - -218?
20a
In base 5, what is 101321 + 0?
101321
In base 7, what is 3034 - 4?
3030
In base 8, what is 3 + -674?
-671
In base 4, what is 110 + -222?
-112
In base 6, what is -31 + -30?
-101
In base 3, what is -221212 + 0?
-221212
In base 9, what is -821 - -3?
-817
In base 16, what is -69 - 14?
-7d
In base 13, what is -306 + -4?
-30a
In base 12, what is -8 - 0?
-8
In base 11, what is 1 - 103?
-102
In base 4,